 composite?
True
Is 472408537 composite?
False
Is 174272353 prime?
False
Is 4403149 composite?
False
Is 4613291 a prime number?
False
Is 951449 composite?
False
Is 138346717 a composite number?
False
Is 120999451 prime?
True
Is 22880137 a composite number?
True
Is 63016799 a composite number?
True
Is 5992073 a prime number?
True
Is 26826133 a composite number?
False
Is 73764931 composite?
True
Is 766911 composite?
True
Is 233864905 a prime number?
False
Is 172001579 a composite number?
True
Is 26756137 prime?
False
Is 806916287 prime?
True
Is 33571007 a prime number?
False
Is 414569 prime?
False
Is 1991602 composite?
True
Is 403554253 prime?
True
Is 122651 composite?
False
Is 88189619 prime?
False
Is 2507555 a composite number?
True
Is 9529349 prime?
False
Is 48390929 composite?
True
Is 45377881 a composite number?
False
Is 532601 a prime number?
True
Is 30080221 a composite number?
True
Is 180492811 composite?
False
Is 215071 composite?
True
Is 23066353 composite?
True
Is 30623207 prime?
True
Is 267976663 a composite number?
False
Is 12114119 a composite number?
True
Is 102118417 a prime number?
True
Is 10631207 prime?
True
Is 358054135 prime?
False
Is 3692929 a composite number?
False
Is 27715021 a prime number?
True
Is 143433991 a composite number?
False
Is 23157779 a prime number?
False
Is 72422591 composite?
False
Is 3847271 a composite number?
False
Is 7324529 prime?
False
Is 156539 composite?
False
Is 32819087 composite?
True
Is 31601869 a prime number?
False
Is 206637349 a composite number?
False
Is 12143797 composite?
True
Is 74661802 a prime number?
False
Is 6866039 composite?
False
Is 10209007 a prime number?
True
Is 32412038 a composite number?
True
Is 22045754 composite?
True
Is 8697679 a composite number?
True
Is 67732157 composite?
True
Is 12118169 a prime number?
False
Is 46097617 a composite number?
True
Is 4399531 a composite number?
False
Is 15130243 composite?
False
Is 10651519 prime?
False
Is 2252837 composite?
True
Is 7276147 composite?
True
Is 214547 a prime number?
False
Is 1416433 composite?
False
Is 2830027 composite?
False
Is 104501759 composite?
True
Is 21187871 prime?
True
Is 160523281 a prime number?
True
Is 37149083 a composite number?
False
Is 1363412987 a composite number?
False
Is 61601174 composite?
True
Is 58523 composite?
True
Is 11826923 a prime number?
True
Is 76339793 a prime number?
True
Is 24990409 a composite number?
True
Is 772949 a prime number?
True
Is 69188947 prime?
True
Is 46828219 composite?
False
Is 903499 composite?
True
Is 10139078 prime?
False
Is 171300403 prime?
False
Is 23879963 a composite number?
True
Is 9672733 a prime number?
False
Is 5323106 a prime number?
False
Is 11272993 a prime number?
False
Is 124647889 prime?
False
Is 22835977 a composite number?
True
Is 49933837 a composite number?
False
Is 809563 composite?
False
Is 25117049 a prime number?
False
Is 156736379 composite?
True
Is 3393263 composite?
True
Is 9551677 prime?
True
Is 163042585 a prime number?
False
Is 220718657 a prime number?
True
Is 12556849 a prime number?
False
Is 1579034363 composite?
False
Is 8171017 composite?
False
Is 47141417 prime?
True
Is 8283683 prime?
True
Is 4212473 composite?
True
Is 152264039 a prime number?
True
Is 1346773 composite?
False
Is 28855283 a prime number?
True
Is 111507098 prime?
False
Is 995803 a composite number?
True
Is 4891763 a prime number?
True
Is 90667097 a composite number?
False
Is 197489881 a prime number?
False
Is 154767479 prime?
True
Is 51933065 composite?
True
Is 75906331 prime?
True
Is 25088887 composite?
True
Is 3229001 composite?
False
Is 3346801 a composite number?
False
Is 11729899 composite?
False
Is 2039971 prime?
True
Is 88468181 composite?
False
Is 357902503 a composite number?
True
Is 310481701 composite?
False
Is 184545571 a composite number?
True
Is 135696983 a composite number?
False
Is 8821409 composite?
True
Is 242306353 a composite number?
False
Is 110243227 composite?
False
Is 8928407 a prime number?
True
Is 74397469 composite?
True
Is 4716227 prime?
False
Is 13795997 prime?
False
Is 11802851 prime?
True
Is 54680623 a prime number?
False
Is 49570883 a prime number?
True
Is 10565173 composite?
False
Is 167068927 a composite number?
False
Is 162761647 composite?
False
Is 70184759 composite?
False
Is 3928747 composite?
True
Is 5359217 a composite number?
False
Is 221486347 composite?
True
Is 6923621 composite?
True
Is 17575643 prime?
False
Is 48912167 prime?
True
Is 3033011 a prime number?
True
Is 399634849 a composite number?
True
Is 7395893 a composite number?
True
Is 174661903 a composite number?
True
Is 3268085 prime?
False
Is 2994773 a prime number?
False
Is 131120909 a prime number?
True
Is 19064681 prime?
False
Is 703350437 composite?
False
Is 7116467 a composite number?
True
Is 13320869 composite?
False
Is 172246129 composite?
True
Is 9184037 prime?
True
Is 8278889 composite?
True
Is 104039471 a composite number?
True
Is 6550879 a composite number?
False
Is 827850301 a prime number?
False
Is 256759 prime?
False
Is 781271 a composite number?
False
Is 479701 a prime number?
True
Is 7670966 prime?
False
Is 131288147 a composite number?
False
Is 928061 composite?
True
Is 58151309 a composite number?
True
Is 15427501 a composite number?
True
Is 1207693 a composite number?
True
Is 3852481 a composite number?
True
Is 384211 prime?
False
Is 6306341 a prime number?
True
Is 32654471 a prime number?
True
Is 1528073 prime?
True
Is 19989329 composite?
False
Is 1739508533 composite?
True
Is 22274267 a composite number?
True
Is 2666957 prime?
False
Is 98533789 composite?
False
Is 2686549 composite?
True
Is 1334669 a composite number?
True
Is 37525261 prime?
True
Is 86645021 a prime number?
True
Is 259577 a composite number?
False
Is 1473509 a composite number?
True
Is 75057343 a prime number?
True
Is 45173023 composite?
True
Is 2186411 a composite number?
True
Is 110682917 prime?
False
Is 91431193 a composite number?
True
Is 5109029 a composite number?
False
Is 107119277 prime?
False
Is 1383937 prime?
True
Is 128846237 prime?
False
Is 31111903 a prime number?
True
Is 29669401 a prime number?
False
Is 173246471 a prime number?
True
Is 262835767 a prime number?
False
Is 73065451 a prime number?
False
Is 108653081 prime?
False
Is 35749799 prime?
False
Is 4278061 prime?
False
Is 2284277 composite?
False
Is 6280831 prime?
False
Is 5860969 a composite number?
False
Is 244391 a composite number?
True
Is 21594889 a composite number?
False
Is 4254671 a prime number?
True
Is 24811123 prime?
False
Is 9333385 prime?
False
Is 1728061 composite?
False
Is 390784201 a composite number?
False
Is 7908605 a prime number?
False
Is 63151678 a prime number?
False
Is 1302569 a prime number?
False
Is 237578431 composite?
True
Is 83137421 composite?
False
Is 148670399 prime?
True
Is 38830058 prime?
False
Is 2009521 a composite number?
True
Is 381866073 prime?
False
Is 36209597 a prime number?
True
Is 2210881 composite?
False
Is 8145067 a prime number?
False
Is 13704391 prime?
True
Is 457307 prime?
True
Is 5444069 prime?
False
Is 457408687 a composite number?
False
Is 86465459 prime?
True
Is 91163 a prime number?
True
Is 6047185 prime?
False
Is 16976683 composite?
True
Is 165247 prime?
True
Is 15849439 composite?
True
Is 24377981 a prime number?
False
Is 9312487 a prime number?
True
Is 823117 prime?
True
Is 68883691 a composite number?
False
Is 2046937 a prime number?
True
Is 32143513 a composite number?
True
Is 1396127 a prime number?
True
Is 1861909 prime?
False
Is 18995453 composite?
False
Is 1604362 prime?
False
Is 23975521 a prime number?
True
Is 1229789 a composite number?
True
Is 1385683 prime?
False
Is 158375443 composite?
False
Is 872369 composite?
False
Is 185897333 a composite number?
False
Is 276134509 a composite number?
True
Is 26545587 prime?
False
Is 1881427 a composite number?
True
Is 18088427 composite?
True
Is 5529739 a composite number?
False
Is 1230037 a prime number?
False
Is 27147805 prime?
False
Is 133925437 prime?
False
Is 102248653 a prime number?
False
Is 3742451 a prime number?
True
Is 20102465 prime?
False
Is 275501399 a prime number?
True
Is 51499163 a composite number?
False
Is 5543873 prime?
True
Is 1083039 prime?
False
Is 8444911 a composite number?
Tru